/(-19))?
4
Let d(n) = 2*n**3 - 2*n**2 - 2. Let k be d(2). Let p = 98 - 97. What is the units digit of p*(-12)/(-9)*k?
8
Suppose 38 = f + 14. Suppose 0 = 26*c - f*c - 158. What is the tens digit of c?
7
Let m be ((-2)/(-5) + 963/(-45))/1. What is the tens digit of 89 - (4 - m)/5?
8
Let d = 387 + -220. What is the hundreds digit of d?
1
Suppose -7*z + 16791 - 1111 = 0. What is the hundreds digit of z?
2
Suppose -3*c - 217 = -4*g - 4*c, c - 52 = -g. Let u = g - -22. What is the tens digit of u?
7
Let r = 28 + -11. Suppose -r + 287 = 3*z - 3*f, 4*z - 3*f - 360 = 0. What is the tens digit of z?
9
Let j = -33 - -36. What is the units digit of j?
3
Suppose -19*g + 8501 = -5141. What is the hundreds digit of g?
7
Suppose -7 = -2*o - 3. What is the tens digit of (7 - -15) + -2*o?
1
Let f(u) be the second derivative of 5*u**4/6 - u**3/6 + u**2 - 6*u. What is the tens digit of f(4)?
5
Let h(l) = 491*l + 5. What is the hundreds digit of h(1)?
4
Let n(o) be the third derivative of -3*o**4/4 + o**3/2 - 5*o**2. What is the tens digit of n(-3)?
5
What is the units digit of ((-69)/(-6) + 3)*(24 + 4)?
6
What is the tens digit of (-7 - -8)/((-201)/101 - -2)?
0
Let t(k) = -k**3 - 7*k**2 - 6*k + 5. Let b be t(-6). Let g(y) = -y**2 + 6*y + 7. Let i be g(b). Suppose -8*z - 112 = -i*z. What is the tens digit of z?
2
Let s = 32 - 29. Suppose -8 - 7 = -s*m. Suppose m*g - 30 = 2*g. What is the tens digit of g?
1
Let t(w) = -302*w - 59. What is the hundreds digit of t(-2)?
5
Let b = 602 + -65. What is the tens digit of b?
3
Let g(q) = -q**2 - 7*q - 9. Let b be g(11). Let y = b + 291. What is the units digit of y?
4
Suppose -4*o - 3 = 9. Let x be (o - -1)*148/(-8). Suppose -5*q = -13 - x. What is the tens digit of q?
1
Let x be (16/(-3))/((-14)/21). Let c(v) = -v + 10 + 9 + x. What is the units digit of c(-8)?
5
Let j = 477 + -329. Let m be ((-52)/12 + 1)*9/(-6). Suppose -4*c + 16 = 0, -m*c + 2*c = 4*o - j. What is the units digit of o?
4
Let n = 711 + -90. What is the tens digit of n?
2
Suppose -5*m - 4 = -2*m - 2*h, m + 4 = 2*h. Suppose 4*c - 352 = -0*c + 4*u, -5*c - 3*u + 400 = m. Suppose -3*k = -c + 17. What is the tens digit of k?
2
Suppose 0 = -10*q - 16*q + 29614. What is the tens digit of q?
3
Suppose -31 = -5*k - 136. What is the units digit of 9/(((-15)/k)/5)?
3
Let t be ((-2)/2*0)/(-1). Suppose t = -3*z - 2*l + 37, -4*z - 2*l + 50 = l. What is the units digit of z?
1
Let s(n) be the second derivative of n**5/20 + n**4/12 - n**3/6 + n**2/2 - 3*n. Let c be s(0). What is the units digit of 1 - c - (-4 - 4)?
8
Let u(g) = -2*g**2 + 3*g + 9. Let k be u(-5). Let z = -5 - k. What is the units digit of z?
1
Let x be (-31)/4 + 2/(-8). Let z = x + 75. What is the tens digit of z?
6
Suppose 0 = -l - 5*b - 10, -6*b + b = -3*l + 50. Let f = l - 5. Suppose -126 = -f*n + 29. What is the tens digit of n?
3
What is the units digit of (-4 - (-1323)/6)/((-13)/(-104))?
2
Let b(l) = -14*l**2 + 42*l - 86. Let k(p) = 5*p**2 - 14*p + 29. Let x(o) = -3*b(o) - 8*k(o). What is the units digit of x(11)?
4
Let o = -22 + 42. Suppose -3*j + 4*j = 3. Suppose b - o = -j*b. What is the units digit of b?
5
Let s = 2291 + -1261. What is the units digit of s?
0
Let f(d) = -d**3 - 5*d**2 - 5*d - 2. Let y be f(-4). Let q(l) = l**2 - 8*l + 4. Let s be q(y). What is the units digit of 34 + 4*(-2)/s?
5
Suppose 4*x + 35 = 3*o, 4 + 6 = -4*x - 2*o. Let w be (x - -14)*26/6. What is the units digit of (-6)/w + (-93)/(-13)?
7
Suppose 0 = -5*a + g + 13060, 5*a + 6*g = 5*g + 13060. What is the thousands digit of a?
2
Suppose 0 = 5*z - 7*z + 4. Suppose 16 = 2*t + z*t. What is the units digit of t?
4
Let p(i) = 6*i**3 - 2*i**2 + i - 1. Let w be p(1). Suppose 5*n - 213 = -w*r, 5*n - 42 = 3*r - 4*r. What is the units digit of r?
7
Let v(r) = -r**2 - 9*r + 2. Let y be v(-5). Let p = 143 + -141. Let w = p + y. What is the tens digit of w?
2
Suppose -5*q + 95 = -d + 259, -3*d + 5*q + 452 = 0. Suppose -2*x = -r - d, 3 = -x - r + 72. What is the tens digit of x?
7
Suppose -b = -4*t - 2011, 3*b + 653 - 6721 = 5*t. What is the thousands digit of b?
2
Let f(s) = 4*s + 20. Let u be f(-5). Suppose 4*p + 4*c - 292 = u, -2*p + 29 = 5*c - 105. What is the units digit of p?
7
Suppose 118 = 9*t - 35. Suppose -6 - t = -a. What is the units digit of a?
3
Suppose -20 = -h + 3*q, -3*q - 5 = -2*q. Suppose -4*f - 8 = 0, 4*f - h*f - 12 = -u. What is the units digit of 255/u*12/9?
4
Let d be (8 - 12/3) + 31. Let q = d - 17. What is the units digit of q?
8
Let r(q) = q**3 - 6*q**2 + 5*q - 2. Let p be r(5). Let x(s) = -s**2 + 22*s - 94. Let w be x(6). Let b = w - p. What is the units digit of b?
4
Suppose -2*d + 6 = -2. Let b be (4 - 2) + 260/d. Suppose 4*j - b = -19. What is the tens digit of j?
1
Suppose -s = 5*k - 192, -3*k = -4*s - 4*k + 730. Suppose 2*r = -5*a + a + s, 0 = -r + 3*a + 101. What is the units digit of r?
5
Let v = 6 - 2. Suppose 3*x + v*d - 24 = 0, -3*x + 3*d = -2*d + 3. Suppose 0*p + 2*q - 23 = -5*p, -2*p + x*q = -14. What is the units digit of p?
5
Suppose 7*r - 3*r - 276 = 0. Suppose r = -3*y + 114. What is the units digit of y?
5
Suppose 3*g = -3*a + 2823, 6*g = 11*g + a - 4713. What is the hundreds digit of g?
9
Suppose 5*u + 2*d = -39, -4*u - d - 27 = 3. What is the units digit of 10/35 - 383/u?
5
Suppose 70 = -x + 580. What is the units digit of x?
0
Let o = 4821 + -1343. What is the hundreds digit of o?
4
Let y be (-1 - (-9)/(-3))/(5/(-35)). Let f = y + -5. What is the tens digit of f?
2
Let u(j) = 237*j - 190. What is the tens digit of u(6)?
3
Suppose 41 = -15*y + 2261. What is the tens digit of 0/((-8)/(-2)) + y?
4
Let m(p) = -2 + 4 + 1 - p - 4. Let a be m(-1). Suppose 2*b + 2*b - 192 = a. What is the units digit of b?
8
Suppose -10*l - 4*f = -7*l - 545, 725 = 4*l + 5*f. What is the units digit of l?
5
Suppose -u - u = -40. Let c be 0*5/u - -2. Suppose c*h - 46 = -0*o - 3*o, -2 = -o. What is the tens digit of h?
2
Let c = 423 - 102. What is the hundreds digit of c?
3
Let x be (2 + 0 + -2)/2. Let v = 4 + x. Suppose -v*o + 8*o + 3*c = 148, -8 = -2*c. What is the units digit of o?
4
Let b(i) = i**3 + 6*i**2 - 6*i + 4. Let s(z) = -z + 1. Let f(y) = b(y) - 4*s(y). Let d(g) = g**2 - 20*g + 32. Let n be d(18). What is the tens digit of f(n)?
4
Let r be 5/1 - (2 - -2). What is the tens digit of r/(-5) + 168/15 + 1?
1
Let a be 183/9 - 4/(-6). Let t = a + -23. What is the units digit of t/((-8)/(-12)) - -50?
7
Suppose -b - 59 = -174. What is the units digit of b?
5
Let r be (-6)/3*(-2 + 9). Let w = -8 - r. Suppose -w - 2 = -2*h. What is the units digit of h?
4
Let z(d) = d**3 - 21*d**2 - 29*d - 25. Let v be z(23). Suppose -9*l + 3*l + v = 0. What is the units digit of l?
1
Let f(o) = -o**3 - 20*o**2 - 5*o - 32. Let g be f(-20). What is the hundreds digit of (6 + -11)*g/(0 + -2)?
1
Suppose 4*l + 1 = -3*u + 2, -3*u + 5 = 2*l. What is the tens digit of ((-2)/l)/((-1)/(-117))?
1
Let g be 306/(-24) - (-1)/(-4). Let u(a) = -a**2 - 14*a - 7. Let j be u(g). Suppose -4*t = h, -t - 15 = j*h - 2*h. What is the units digit of t?
1
Let u(l) = 10*l**3 - 3*l**2 + 4*l + 1. Let y be u(-3). Let c be 28/(-182) - y/(-26). Let j = 28 + c. What is the units digit of j?
6
Suppose -12308 = -5*r + 31*i - 29*i, -12316 = -5*r + 4*i. What is the hundreds digit of r?
4
Let h(o) = -o**3 + 22*o**2 - 19*o - 15. What is the tens digit of h(8)?
2
Let b be -1*(9/(-3) + -12). What is the units digit of 906/b - 2/((-10)/3)?
1
Let a(j) = -j. Let o be a(6). Let r(f) = f**2 + 7*f + 8. Let s be r(o). Suppose -s = -w + 23. What is the units digit of w?
5
Suppose 7*j + 2*j - 2754 = 0. Let a = j + -70. What is the units digit of a?
6
Let g be 1 + -4 - (-1530)/2. Suppose 10*y - 4*y = g. What is the tens digit of y?
2
Suppose 3*r - 5*z - 4730 = 0, 4*z - 2*z + 7915 = 5*r. What is the tens digit of r?
8
Suppose -2238 = -4*f - 2*j - 446, 2*f - 896 = 3*j. What is the tens digit of f?
4
Let o(n) = -7*n + 19. What is the tens digit of o(-2)?
3
Let v(n) = -5*n + 36. What is the units digit of v(5)?
1
Let c(d) = -475*d + 1 + 461*d - 7. Suppose 2*y + 12 = -y. What is the tens digit of c(y)?
5
Suppose -29*w = 19*w - 283104. What is the hundreds digit of w?
8
Let q = 132 + -111. What is the units digit of 88/3*q/14*1?
4
Let w be 5/(-20) + (0 - 314/(-8)). Let l = 100 + w. 